27, 4679
What are the prime factors of 131954350?
2, 5, 11, 29, 8273
List the prime factors of 847598413.
43, 2357, 8363
What are the prime factors of 2739913164?
2, 3, 19, 769, 5209
List the prime factors of 270513381.
3, 457, 197311
List the prime factors of 3849569592.
2, 3, 11, 47, 557
List the prime factors of 214164311.
1229, 174259
List the prime factors of 6413617.
7, 37, 24763
What are the prime factors of 7089715496?
2, 17, 52130261
What are the prime factors of 222396691?
11, 19, 181, 5879
List the prime factors of 730440546.
2, 3, 11, 283, 39107
What are the prime factors of 133016973?
3, 97, 199, 2297
What are the prime factors of 609616505?
5, 121923301
What are the prime factors of 572867265?
3, 5, 2897, 13183
What are the prime factors of 816367794?
2, 3, 11, 19, 509, 1279
What are the prime factors of 390308039?
11, 35482549
List the prime factors of 1199938076.
2, 61, 4917779
List the prime factors of 37624914.
2, 3, 43, 48611
List the prime factors of 490962856.
2, 17, 3610021
What are the prime factors of 79099733?
29, 2727577
What are the prime factors of 1504632561?
3, 23, 21806269
List the prime factors of 2454069179.
89, 367, 75133
List the prime factors of 37393975.
5, 23, 65033
List the prime factors of 65419303.
65419303
What are the prime factors of 115043119?
19, 318679
List the prime factors of 1741611194.
2, 870805597
List the prime factors of 15601598.
2, 7800799
What are the prime factors of 2055886?
2, 7, 146849
What are the prime factors of 293352947?
293352947
List the prime factors of 49170935.
5, 11, 757, 1181
List the prime factors of 49159242.
2, 3, 11, 31, 8009
List the prime factors of 416667847.
416667847
List the prime factors of 5488480445.
5, 7, 349, 64189
List the prime factors of 774700931.
17, 37, 757, 1627
What are the prime factors of 32650449?
3, 13, 837191
What are the prime factors of 76616332?
2, 13, 1473391
What are the prime factors of 69217385?
5, 13843477
List the prime factors of 111382227.
3, 11, 631, 1783
What are the prime factors of 283753854?
2, 3, 1751567
What are the prime factors of 59963291?
79, 759029
List the prime factors of 59376514.
2, 29, 1023733
What are the prime factors of 253888475?
5, 29, 350191
What are the prime factors of 52554843?
3, 11, 530857
List the prime factors of 783376947.
3, 97, 299113
What are the prime factors of 36915144?
2, 3, 7, 29, 7577
List the prime factors of 1520519836.
2, 11, 173, 199753
What are the prime factors of 421082432?
2, 97, 67829
What are the prime factors of 5188019699?
29, 73, 109, 22483
List the prime factors of 15589387.
11, 1417217
List the prime factors of 223386741.
3, 23, 4441
List the prime factors of 1924698387.
3, 641566129
List the prime factors of 536947439.
7, 41, 267271
What are the prime factors of 74969932?
2, 17, 1049, 1051
List the prime factors of 1765962111.
3, 13619, 43223
What are the prime factors of 183263344?
2, 11, 1041269
What are the prime factors of 248391562?
2, 124195781
List the prime factors of 186456414.
2, 3, 31076069
What are the prime factors of 17379005?
5, 7, 97, 5119
List the prime factors of 380483362.
2, 7, 41, 101, 6563
List the prime factors of 6542474578.
2, 2657, 1231177
What are the prime factors of 29215696?
2, 1061, 1721
List the prime factors of 626376428.
2, 1429, 109583
List the prime factors of 926318410.
2, 5, 2851, 32491
What are the prime factors of 1586022593?
67, 3019, 7841
List the prime factors of 205090539.
3, 547, 124979
List the prime factors of 2041706647.
17, 120100391
What are the prime factors of 701567668?
2, 73, 167, 14387
List the prime factors of 160360862.
2, 80180431
What are the prime factors of 249285583?
73, 271, 12601
List the prime factors of 1487362737.
3, 7, 70826797
What are the prime factors of 491806174?
2, 245903087
What are the prime factors of 467972104?
2, 1597, 36629
List the prime factors of 3068585568.
2, 3, 2333, 4567
List the prime factors of 106952891.
106952891
List the prime factors of 36036723.
3, 89, 139, 971
What are the prime factors of 270307476?
2, 3, 31, 80737
What are the prime factors of 1079214874?
2, 29, 41, 453833
List the prime factors of 36248924.
2, 9062231
What are the prime factors of 160080237?
3, 179, 99367
What are the prime factors of 143404044?
2, 3, 7, 17, 233, 431
What are the prime factors of 761151428?
2, 43, 4425299
What are the prime factors of 24099397?
7, 113, 30467
What are the prime factors of 834048065?
5, 166809613
List the prime factors of 72859782.
2, 3, 12143297
List the prime factors of 31315014.
2, 3, 1739723
List the prime factors of 5335079.
367, 14537
What are the prime factors of 938562087?
3, 1187, 263567
List the prime factors of 287698829.
11, 2017, 12967
List the prime factors of 89141898.
2, 3, 14856983
List the prime factors of 99160721.
11, 53, 79, 2153
What are the prime factors of 1947770060?
2, 5, 97388503
What are the prime factors of 2229695870?
2, 5, 222969587
List the prime factors of 222169543.
89, 1471, 1697
List the prime factors of 365734414.
2, 182867207
What are the prime factors of 2225841451?
2225841451
What are the prime factors of 349639476?
2, 3, 17, 1713919
What are the prime factors of 69252987?
3, 1277, 18077
List the prime factors of 32043083.
277, 115679
What are the prime factors of 206546186?
2, 7, 11, 1341209
List the prime factors of 526089806.
2, 11, 113, 431, 491
What are the prime factors of 44811084?
2, 3, 23, 162359
What are the prime factors of 3588753981?
3, 1196251327
List the prime factors of 307039200.
2, 3, 5, 13, 757
What are the prime factors of 28974582?
2, 3, 7, 13, 19
List the prime factors of 54578791.
5693, 9587
List the prime factors of 2588578622.
2, 7, 79, 2340487
What are the prime factors of 767125357?
17, 103, 25771
What are the prime factors of 36495301?
36495301
List the prime factors of 36660533.
7, 13, 402863
What are the prime factors of 590248211?
7, 17, 2027, 2447
List the prime factors of 50200276.
2, 7, 29, 211, 293
List the prime factors of 16500618.
2, 3, 31, 9857
List the prime factors of 19418131.
17, 1142243
What are the prime factors of 147089072?
2, 13, 707159
List the prime factors of 234249654.
2, 3, 359, 108751
List the prime factors of 3206713690.
2, 5, 320671369
List the prime factors of 131312870.
2, 5, 13, 29, 61, 571
List the prime factors of 2805667649.
383, 7325503
What are the prime factors of 59210457?
3, 83, 401, 593
List the prime factors of 77004981.
3, 829, 10321
List the prime factors of 93331146.
2, 3, 401, 38791
What are the prime factors of 39543921?
3, 17, 19, 61, 223
List the prime factors of 65144299.
11, 31, 191039
List the prime factors of 117167444.
2, 103, 284387
List the prime factors of 270069474.
2, 3, 251, 389, 461
List the prime factors of 4613135.
5, 922627
List the prime factors of 1052338084.
2, 7, 47, 61, 13109
What are the prime factors of 11802910?
2, 5, 7, 23, 7331
What are the prime factors of 13988419?
809, 17291
What are the prime factors of 1645896950?
2, 5, 31, 1061869
What are the prime factors of 166106914?
2, 71, 1169767
What are the prime factors of 22776411?
3, 7, 79, 13729
List the prime factors of 182675705.
5, 41, 891101
What are the prime factors of 346614291?
3, 239, 161141
What are the prime factors of 122267317?
31, 3944107
What are the prime factors of 3857342926?
2, 23, 83855281
What are the prime factors of 111135940?
2, 5, 19, 59, 4957
What are the prime factors of 891669937?
4129, 215953
List the prime factors of 2648538883.
29, 91328927
List the prime factors of 52484735.
5, 23, 19843
List the prime factors of 59259759.
3, 13, 83, 18307
What are the prime factors of 489317466?
2, 3, 11, 673991
List the prime factors of 184810381.
7, 3947, 6689
What are the prime factors of 376100384?
2, 11, 17, 62851
List the prime factors of 4621966883.
293, 15774631
What are the prime factors of 13797262?
2, 103, 66977
What are the prime factors of 104458506?
2, 3, 17, 1024103
List the prime factors of 1316037757.
1316037757
List the prime factors of 3504751.
37, 94723
List the prime factors of 404253885.
3, 5, 7, 103, 37379
What are the prime factors of 158653470?
2, 3, 5, 5288449
What are the prime factors of 150765566?
2, 7, 47, 229127
List the prime factors of 456261